{"id":6777,"date":"2026-04-09T17:43:45","date_gmt":"2026-04-09T17:43:45","guid":{"rendered":"https:\/\/shibasex.com\/?product=pretty-love-abner-app-lilla"},"modified":"2026-04-09T17:43:45","modified_gmt":"2026-04-09T17:43:45","slug":"pretty-love-abner-app-lilla","status":"publish","type":"product","link":"https:\/\/shibasex.com\/?product=pretty-love-abner-app-lilla","title":{"rendered":"PRETTY LOVE &#8211; ABNER APP LILLA"},"content":{"rendered":"<p>Abner \u00ae \u00e8 un nuovo giocattolo tecnologico per massimizzare il piacere umano, \u00e8 progettato per aumentare il piacere di coppia. Pretty Love \u00e8 leader mondiale e lancia sul mercato i classici telecomandi a forma di uovo ma ora tramite un&#39;app con maggiore potenza. .<\/p>\n<p> La novit\u00e0 di Abner\u00ae \u00e8 ancora pi\u00f9 entusiasmante: con la sua APP \u00e8 stato migliorato con la pi\u00f9 avanzata tecnologia Bluetooth, basta scaricare l&#39;APP e si connetter\u00e0 automaticamente tramite Bluetooth ad Abner.<\/p>\n<p> Oltretutto;<\/p>\n<ul>\n<li> Controllo avanzato per smartphone \/ iphone<\/li>\n<li> Infinite possibilit\u00e0 di modalit\u00e0 di vibrazione e programma di piacere personalizzabile<\/li>\n<li> Motori indipendenti con controllo avanzato<\/li>\n<li> Modalit\u00e0 personalizzabili<\/li>\n<li> Collegalo e prendi il controllo!<\/li>\n<\/ul>\n<p> Informazioni sull&#39;applicazione Aber presenta le caratteristiche principali;<\/p>\n<ul>\n<li> Possibilit\u00e0 di connessione tramite Bluetooth 4.0 \/ (Distanza massima di sincronizzazione 5 metri)<\/li>\n<li> iPhone 4s \/ iOS 7 o superiore<\/li>\n<li> Android OS 4.3 pi\u00f9 recente<\/li>\n<\/ul>\n<p> Perfetto per l&#39;uso in coppia, poich\u00e9 la sua ergonomia consente di lasciarlo acceso per stimolare contemporaneamente il clitoride e il punto G.<\/p>\n<p> Abner ti offre un piacere avanzato.<\/p>\n<ul>\n<li> Tecnologia avanzata per il controllo tramite applicazione.<\/li>\n<li> Super setoso e confortevole, silicone di grado medico<\/li>\n<li> Design ergonomico e compatto che si adatta perfettamente ai contorni del corpo<\/li>\n<li> Pu\u00f2 essere utilizzato in modalit\u00e0 vivavoce oppure puoi lasciarlo acceso e uscire di casa indossandolo.<\/li>\n<li> Potente motore silenzioso<\/li>\n<li> 100% sommergibile<\/li>\n<li> Batteria ecologica 1 ricaricabile con connessione USB<\/li>\n<li> Con 1,5 ore di carica avrai fino a 1 ora di divertimento<\/li>\n<li> Design discreto per la ricarica e il viaggio<\/li>\n<li> 1 anno di garanzia<\/li>\n<li> Facile da pulire con acqua e sapone neutro<\/li>\n<li> Si ricarica collegandolo alla luce elettrica o a qualsiasi USB<\/li>\n<li> Include: cavo USB.<\/li>\n<\/ul>\n<p> Inizi a giocare?<\/p>\n<p> Applicazione GRATUITA che puoi scaricare dall&#39;APP Store \/ Google Play Store, il codice QR \u00e8:<\/p>\n<p><img decoding=\"async\" alt=\"\" src=\"https:\/\/interno.dreamlove.es\/UserFiles\/images\/ABNER.jpg\" style=\"width: 300px; height: 300px;\" \/><\/p>\n","protected":false},"excerpt":{"rendered":"<p>Abner \u00ae \u00e8 un nuovo giocattolo tecnologico per massimizzare il piacere umano, \u00e8 progettato per aumentare il piacere di coppia. Pretty Love \u00e8 leader mondiale e lancia sul mercato i classici telecomandi a forma di uovo ma ora tramite un&#39;app con maggiore potenza. . La novit\u00e0 di Abner\u00ae \u00e8 ancora pi\u00f9 entusiasmante: con la sua [&hellip;]<\/p>\n","protected":false},"featured_media":6776,"comment_status":"open","ping_status":"closed","template":"","meta":[],"product_brand":[],"product_cat":[143,144],"product_tag":[],"class_list":{"0":"post-6777","1":"product","2":"type-product","3":"status-publish","4":"has-post-thumbnail","6":"product_cat-balls","7":"product_cat-eggs-and-bullets","9":"first","10":"instock","11":"shipping-taxable","12":"purchasable","13":"product-type-simple"},"_cost_price":"","_links":{"self":[{"href":"https:\/\/shibasex.com\/index.php?rest_route=\/wp\/v2\/product\/6777","targetHints":{"allow":["GET"]}}],"collection":[{"href":"https:\/\/shibasex.com\/index.php?rest_route=\/wp\/v2\/product"}],"about":[{"href":"https:\/\/shibasex.com\/index.php?rest_route=\/wp\/v2\/types\/product"}],"replies":[{"embeddable":true,"href":"https:\/\/shibasex.com\/index.php?rest_route=%2Fwp%2Fv2%2Fcomments&post=6777"}],"wp:featuredmedia":[{"embeddable":true,"href":"https:\/\/shibasex.com\/index.php?rest_route=\/wp\/v2\/media\/6776"}],"wp:attachment":[{"href":"https:\/\/shibasex.com\/index.php?rest_route=%2Fwp%2Fv2%2Fmedia&parent=6777"}],"wp:term":[{"taxonomy":"product_brand","embeddable":true,"href":"https:\/\/shibasex.com\/index.php?rest_route=%2Fwp%2Fv2%2Fproduct_brand&post=6777"},{"taxonomy":"product_cat","embeddable":true,"href":"https:\/\/shibasex.com\/index.php?rest_route=%2Fwp%2Fv2%2Fproduct_cat&post=6777"},{"taxonomy":"product_tag","embeddable":true,"href":"https:\/\/shibasex.com\/index.php?rest_route=%2Fwp%2Fv2%2Fproduct_tag&post=6777"}],"curies":[{"name":"wp","href":"https:\/\/api.w.org\/{rel}","templated":true}]}}