{"id":6245,"date":"2026-03-23T14:53:44","date_gmt":"2026-03-23T14:53:44","guid":{"rendered":"https:\/\/shibasex.com\/?product=climaximum-massaggiatore-prostatico-con-cavo-toulz"},"modified":"2026-03-23T14:53:46","modified_gmt":"2026-03-23T14:53:46","slug":"climaximum-massaggiatore-prostatico-con-cavo-toulz","status":"publish","type":"product","link":"https:\/\/shibasex.com\/?product=climaximum-massaggiatore-prostatico-con-cavo-toulz","title":{"rendered":"CLIMAXIMUM &#8211; MASSAGGIATORE PROSTATICO CON CAVO TOULZ"},"content":{"rendered":"<p><strong>Toulz<\/strong> \u00e8 progettato per adattarsi perfettamente al tuo punto P e regalarti momenti di piacere ineguagliabili. Scegli il tuo livello di eccitazione e goditi la sua carica turbo con 10 funzioni che tu e il tuo partner potete controllare. Il design a spirale di Toulz aumenta l&#39;eccitazione nelle tue zone pi\u00f9 intime, raggiungendo tutte le tue zone erogene grazie alle sue vibrazioni vibranti.<\/p>\n<p> <strong>CARATTERISTICHE<\/strong> :<\/p>\n<ul>\n<li> 10 velocit\u00e0<\/li>\n<li> Gioco individuale o di coppia &#8211; Base stimolante svasata per un gioco sicuro<\/li>\n<li> Stimolatore del punto P<\/li>\n<li> Impermeabile IPX7<\/li>\n<li> Materiali: silicone \/ plastica ABS<\/li>\n<li> Telecomando cablato per il massimo controllo<\/li>\n<li> Batteria: ricaricabile tramite USB (ioni di litio)<\/li>\n<li> 3 ore di ricarica per un massimo di 3 ore di piacere<\/li>\n<li> Dimensioni del prodotto: 71 mm x 118 mm x 30 mm (larghezza x altezza x profondit\u00e0)<\/li>\n<li> Peso del prodotto: 149 g<\/li>\n<\/ul>\n<p> <u><strong>CLIMAXIMO<\/strong><\/u><\/p>\n<p> La collezione Climaximum si concentra su indulgenza, potenza e piacere. Progettati per chi cerca di pi\u00f9, questi giocattoli combinano un&#39;estetica seducente con sensazioni intense per portare le tue esperienze pi\u00f9 intime a nuovi livelli. Che tu stia cercando soddisfazione da solo o esplorando connessioni pi\u00f9 profonde con il tuo partner, Climaximum ha qualcosa per soddisfare tutti i tuoi desideri.<\/p>\n<ul>\n<li> Pi\u00f9 potenza, pi\u00f9 piacere: la collezione comprende giocattoli con fili e proiettili che emettono vibrazioni profonde e rimbombanti esattamente dove ne hai bisogno.<\/li>\n<li> Progettato per ogni esperienza: scopri una variet\u00e0 di divertenti kit per coppie o concediti un&#39;avventura da solo con potenti vibratori e stimolatori.<\/li>\n<li> Selezione versatile: goditi una combinazione di potenziatori delle prestazioni vaginali, clitoridei, anali e anelli per il pene, pensati per chi desidera provare ogni tipo di piacere.<\/li>\n<li> PX7 impermeabile e sicuro per il corpo: porta il tuo piacere ovunque, sapendo che ogni giocattolo \u00e8 realizzato con materiali di prima qualit\u00e0, progettati per la sicurezza e la soddisfazione.<\/li>\n<\/ul>\n","protected":false},"excerpt":{"rendered":"<p>Toulz \u00e8 progettato per adattarsi perfettamente al tuo punto P e regalarti momenti di piacere ineguagliabili. Scegli il tuo livello di eccitazione e goditi la sua carica turbo con 10 funzioni che tu e il tuo partner potete controllare. Il design a spirale di Toulz aumenta l&#39;eccitazione nelle tue zone pi\u00f9 intime, raggiungendo tutte le [&hellip;]<\/p>\n","protected":false},"featured_media":6244,"comment_status":"open","ping_status":"closed","template":"","meta":[],"product_brand":[],"product_cat":[139],"product_tag":[],"class_list":{"0":"post-6245","1":"product","2":"type-product","3":"status-publish","4":"has-post-thumbnail","6":"product_cat-speciale-prostatico","8":"first","9":"instock","10":"shipping-taxable","11":"purchasable","12":"product-type-simple"},"_cost_price":"","_links":{"self":[{"href":"https:\/\/shibasex.com\/index.php?rest_route=\/wp\/v2\/product\/6245","targetHints":{"allow":["GET"]}}],"collection":[{"href":"https:\/\/shibasex.com\/index.php?rest_route=\/wp\/v2\/product"}],"about":[{"href":"https:\/\/shibasex.com\/index.php?rest_route=\/wp\/v2\/types\/product"}],"replies":[{"embeddable":true,"href":"https:\/\/shibasex.com\/index.php?rest_route=%2Fwp%2Fv2%2Fcomments&post=6245"}],"wp:featuredmedia":[{"embeddable":true,"href":"https:\/\/shibasex.com\/index.php?rest_route=\/wp\/v2\/media\/6244"}],"wp:attachment":[{"href":"https:\/\/shibasex.com\/index.php?rest_route=%2Fwp%2Fv2%2Fmedia&parent=6245"}],"wp:term":[{"taxonomy":"product_brand","embeddable":true,"href":"https:\/\/shibasex.com\/index.php?rest_route=%2Fwp%2Fv2%2Fproduct_brand&post=6245"},{"taxonomy":"product_cat","embeddable":true,"href":"https:\/\/shibasex.com\/index.php?rest_route=%2Fwp%2Fv2%2Fproduct_cat&post=6245"},{"taxonomy":"product_tag","embeddable":true,"href":"https:\/\/shibasex.com\/index.php?rest_route=%2Fwp%2Fv2%2Fproduct_tag&post=6245"}],"curies":[{"name":"wp","href":"https:\/\/api.w.org\/{rel}","templated":true}]}}