{"id":6237,"date":"2026-03-23T14:53:40","date_gmt":"2026-03-23T14:53:40","guid":{"rendered":"https:\/\/shibasex.com\/?product=climaximum-vibratore-per-prostata-gratus-beginner"},"modified":"2026-03-23T14:53:42","modified_gmt":"2026-03-23T14:53:42","slug":"climaximum-vibratore-per-prostata-gratus-beginner","status":"publish","type":"product","link":"https:\/\/shibasex.com\/?product=climaximum-vibratore-per-prostata-gratus-beginner","title":{"rendered":"CLIMAXIMUM &#8211; VIBRATORE PER PROSTATA GRATUS BEGINNER"},"content":{"rendered":"<p><strong>Gratus<\/strong> \u00e8 un vibratore elegante e impertinente per i principianti che esplorano la prostata e per chi cerca l&#39;eccitazione. Puoi prendere il controllo del tuo piacere o di quello del tuo partner con 10 emozionanti livelli di vibrazione e pulsazione. Compatto ed elegante, <strong>Gratus<\/strong> \u00e8 stato progettato pensando agli esploratori esperti.<\/p>\n<p> <strong>CARATTERISTICHE<\/strong> :<\/p>\n<ul>\n<li> 10 velocit\u00e0<\/li>\n<li> Progettato pensando al comfort e al piacere<\/li>\n<li> Impermeabile IPX7<\/li>\n<li> Materiali: silicone \/ plastica ABS<\/li>\n<li> Batteria: batteria AAA inclusa<\/li>\n<li> Dimensioni del prodotto: 60 mm x 110 mm x 25 mm larghezza x altezza x profondit\u00e0<\/li>\n<li> Peso del prodotto: 48 g<\/li>\n<\/ul>\n<p> <u><strong>CLIMAXIMO<\/strong><\/u><\/p>\n<p> La collezione Climaximum si concentra su indulgenza, potenza e piacere. Progettati per chi cerca di pi\u00f9, questi giocattoli combinano un&#39;estetica seducente con sensazioni intense per portare le tue esperienze pi\u00f9 intime a nuovi livelli. Che tu stia cercando soddisfazione da solo o esplorando connessioni pi\u00f9 profonde con il tuo partner, Climaximum ha qualcosa per soddisfare tutti i tuoi desideri.<\/p>\n<ul>\n<li> Pi\u00f9 potenza, pi\u00f9 piacere: la collezione comprende giocattoli con fili e proiettili che emettono vibrazioni profonde e rimbombanti esattamente dove ne hai bisogno.<\/li>\n<li> Progettato per ogni esperienza: scopri una variet\u00e0 di divertenti kit per coppie o concediti un&#39;avventura da solo con potenti vibratori e stimolatori.<\/li>\n<li> Selezione versatile: goditi una combinazione di potenziatori delle prestazioni vaginali, clitoridei, anali e anelli per il pene, pensati per chi desidera provare ogni tipo di piacere.<\/li>\n<li> PX7 impermeabile e sicuro per il corpo: porta il tuo piacere ovunque, sapendo che ogni giocattolo \u00e8 realizzato con materiali di prima qualit\u00e0, progettati per la sicurezza e la soddisfazione.<\/li>\n<\/ul>\n","protected":false},"excerpt":{"rendered":"<p>Gratus \u00e8 un vibratore elegante e impertinente per i principianti che esplorano la prostata e per chi cerca l&#39;eccitazione. Puoi prendere il controllo del tuo piacere o di quello del tuo partner con 10 emozionanti livelli di vibrazione e pulsazione. Compatto ed elegante, Gratus \u00e8 stato progettato pensando agli esploratori esperti. CARATTERISTICHE : 10 velocit\u00e0 [&hellip;]<\/p>\n","protected":false},"featured_media":6236,"comment_status":"open","ping_status":"closed","template":"","meta":[],"product_brand":[],"product_cat":[139],"product_tag":[],"class_list":{"0":"post-6237","1":"product","2":"type-product","3":"status-publish","4":"has-post-thumbnail","6":"product_cat-speciale-prostatico","8":"first","9":"instock","10":"shipping-taxable","11":"purchasable","12":"product-type-simple"},"_cost_price":"","_links":{"self":[{"href":"https:\/\/shibasex.com\/index.php?rest_route=\/wp\/v2\/product\/6237","targetHints":{"allow":["GET"]}}],"collection":[{"href":"https:\/\/shibasex.com\/index.php?rest_route=\/wp\/v2\/product"}],"about":[{"href":"https:\/\/shibasex.com\/index.php?rest_route=\/wp\/v2\/types\/product"}],"replies":[{"embeddable":true,"href":"https:\/\/shibasex.com\/index.php?rest_route=%2Fwp%2Fv2%2Fcomments&post=6237"}],"wp:featuredmedia":[{"embeddable":true,"href":"https:\/\/shibasex.com\/index.php?rest_route=\/wp\/v2\/media\/6236"}],"wp:attachment":[{"href":"https:\/\/shibasex.com\/index.php?rest_route=%2Fwp%2Fv2%2Fmedia&parent=6237"}],"wp:term":[{"taxonomy":"product_brand","embeddable":true,"href":"https:\/\/shibasex.com\/index.php?rest_route=%2Fwp%2Fv2%2Fproduct_brand&post=6237"},{"taxonomy":"product_cat","embeddable":true,"href":"https:\/\/shibasex.com\/index.php?rest_route=%2Fwp%2Fv2%2Fproduct_cat&post=6237"},{"taxonomy":"product_tag","embeddable":true,"href":"https:\/\/shibasex.com\/index.php?rest_route=%2Fwp%2Fv2%2Fproduct_tag&post=6237"}],"curies":[{"name":"wp","href":"https:\/\/api.w.org\/{rel}","templated":true}]}}