{"id":5758,"date":"2026-03-23T13:34:28","date_gmt":"2026-03-23T13:34:28","guid":{"rendered":"https:\/\/shibasex.com\/?product=fun-factory-dildo-magnum-g-spot-blackberry"},"modified":"2026-03-23T13:34:32","modified_gmt":"2026-03-23T13:34:32","slug":"fun-factory-dildo-magnum-g-spot-blackberry","status":"publish","type":"product","link":"https:\/\/shibasex.com\/?product=fun-factory-dildo-magnum-g-spot-blackberry","title":{"rendered":"FUN FACTORY &#8211; DILDO MAGNUM G-SPOT BLACKBERRY"},"content":{"rendered":"<p>Pronti per intense sensazioni con MAGNUM? Questo dildo non \u00e8 solo bello da vedere, ma presenta anche una forma realistica e un silicone super liscio e flessibile per sensazioni incredibili. Il design ergonomico \u00e8 adatto sia alla stimolazione del punto G che a quella anale.<\/p>\n<p> <strong>Perfetto equilibrio tra intensit\u00e0 e controllo<\/strong><br \/> Con i suoi 18 cm di lunghezza, il MAGNUM offre il perfetto livello di controllo e intensit\u00e0, rendendolo ideale per posizioni avventurose. La base a ventosa aderisce saldamente alle superfici lisce, perfetta per il gioco erotico in solitaria in bagno, mentre la base sicura offre la massima vicinanza e comfort durante il gioco con strap-on, il pegging o il gioco anale. La base ultrasottile offre inoltre una sensazione di vicinanza al corpo e consente di utilizzare il giocattolo a mani libere.<\/p>\n<p> <strong>Versatile, di alta qualit\u00e0 e facile da pulire<\/strong><br \/> MAGNUM pu\u00f2 essere utilizzato con un&#39;imbracatura o indossato nudo. Il silicone ipoallergenico e delicato sulla pelle \u00e8 impermeabile e facile da pulire. Scopri nuovi modi di giocare con MAGNUM e vivi momenti straordinari! Goditi una qualit\u00e0 duratura, garantita dall&#39;impressionante garanzia di 25 anni di FUN FACTORY.<\/p>\n","protected":false},"excerpt":{"rendered":"<p>Pronti per intense sensazioni con MAGNUM? Questo dildo non \u00e8 solo bello da vedere, ma presenta anche una forma realistica e un silicone super liscio e flessibile per sensazioni incredibili. Il design ergonomico \u00e8 adatto sia alla stimolazione del punto G che a quella anale. Perfetto equilibrio tra intensit\u00e0 e controllo Con i suoi 18 [&hellip;]<\/p>\n","protected":false},"featured_media":5757,"comment_status":"open","ping_status":"closed","template":"","meta":[],"product_brand":[],"product_cat":[136],"product_tag":[],"class_list":{"0":"post-5758","1":"product","2":"type-product","3":"status-publish","4":"has-post-thumbnail","6":"product_cat-dildo-per-il-punto-g","8":"first","9":"instock","10":"shipping-taxable","11":"purchasable","12":"product-type-simple"},"_cost_price":"","_links":{"self":[{"href":"https:\/\/shibasex.com\/index.php?rest_route=\/wp\/v2\/product\/5758","targetHints":{"allow":["GET"]}}],"collection":[{"href":"https:\/\/shibasex.com\/index.php?rest_route=\/wp\/v2\/product"}],"about":[{"href":"https:\/\/shibasex.com\/index.php?rest_route=\/wp\/v2\/types\/product"}],"replies":[{"embeddable":true,"href":"https:\/\/shibasex.com\/index.php?rest_route=%2Fwp%2Fv2%2Fcomments&post=5758"}],"wp:featuredmedia":[{"embeddable":true,"href":"https:\/\/shibasex.com\/index.php?rest_route=\/wp\/v2\/media\/5757"}],"wp:attachment":[{"href":"https:\/\/shibasex.com\/index.php?rest_route=%2Fwp%2Fv2%2Fmedia&parent=5758"}],"wp:term":[{"taxonomy":"product_brand","embeddable":true,"href":"https:\/\/shibasex.com\/index.php?rest_route=%2Fwp%2Fv2%2Fproduct_brand&post=5758"},{"taxonomy":"product_cat","embeddable":true,"href":"https:\/\/shibasex.com\/index.php?rest_route=%2Fwp%2Fv2%2Fproduct_cat&post=5758"},{"taxonomy":"product_tag","embeddable":true,"href":"https:\/\/shibasex.com\/index.php?rest_route=%2Fwp%2Fv2%2Fproduct_tag&post=5758"}],"curies":[{"name":"wp","href":"https:\/\/api.w.org\/{rel}","templated":true}]}}