{"id":5580,"date":"2026-03-23T11:12:52","date_gmt":"2026-03-23T11:12:52","guid":{"rendered":"https:\/\/shibasex.com\/?product=fun-factory-iku-tighter-masturbator-nero"},"modified":"2026-03-23T11:12:54","modified_gmt":"2026-03-23T11:12:54","slug":"fun-factory-iku-tighter-masturbator-nero","status":"publish","type":"product","link":"https:\/\/shibasex.com\/?product=fun-factory-iku-tighter-masturbator-nero","title":{"rendered":"FUN FACTORY &#8211; IKU TIGHTER MASTURBATOR NERO"},"content":{"rendered":"<p>Senti ogni tocco: pi\u00f9 reale che mai con IKU TIGHTER, che d\u00e0 vita alle tue fantasie pi\u00f9 sfrenate. Dotato di una sensuale texture interna a coste e di un morbido silicone delicato sul corpo, questo masturbatore si adatta senza sforzo ai tuoi movimenti, offrendoti una sensazione pelle a pelle incredibilmente autentica. Leggermente pi\u00f9 piccolo di IKU JOY, ma ancora pi\u00f9 intenso: il suo design da 0,78 pollici ti avvolge pi\u00f9 strettamente per una sensazione ancora pi\u00f9 potente. Da non dimenticare, ogni modello IKU \u00e8 dotato del sistema Magnetic Click ed \u00e8 completamente modulare. Grazie a una struttura unificata, puoi mescolare, abbinare e personalizzare vari stili IKU esattamente come preferisci. Goditi il piacere con la massima personalizzazione!<\/p>\n<p> <strong>Cos\u00ec semplice, cos\u00ec piacevole<\/strong><br \/> Che sia sotto la doccia, a letto o durante la tua fuga segreta, il design impermeabile (IPX7) \u00e8 pronto per qualsiasi avventura. E quando il DIVERTIMENTO \u00e8 finito? Basta rimuovere la guaina, sciacquarla con acqua tiepida e sapone neutro e IKU TIGHTER \u00e8 di nuovo pronto all&#39;uso. IKU TIGHTER \u00e8 dotato di una garanzia FUN FACTORY di 25 anni, che assicura una qualit\u00e0 duratura e prestazioni intense e affidabili.<\/p><\/p>\n","protected":false},"excerpt":{"rendered":"<p>Senti ogni tocco: pi\u00f9 reale che mai con IKU TIGHTER, che d\u00e0 vita alle tue fantasie pi\u00f9 sfrenate. Dotato di una sensuale texture interna a coste e di un morbido silicone delicato sul corpo, questo masturbatore si adatta senza sforzo ai tuoi movimenti, offrendoti una sensazione pelle a pelle incredibilmente autentica. Leggermente pi\u00f9 piccolo di [&hellip;]<\/p>\n","protected":false},"featured_media":5579,"comment_status":"open","ping_status":"closed","template":"","meta":[],"product_brand":[],"product_cat":[131],"product_tag":[],"class_list":{"0":"post-5580","1":"product","2":"type-product","3":"status-publish","4":"has-post-thumbnail","6":"product_cat-masturbatori-vari","8":"first","9":"instock","10":"shipping-taxable","11":"purchasable","12":"product-type-simple"},"_cost_price":"","_links":{"self":[{"href":"https:\/\/shibasex.com\/index.php?rest_route=\/wp\/v2\/product\/5580","targetHints":{"allow":["GET"]}}],"collection":[{"href":"https:\/\/shibasex.com\/index.php?rest_route=\/wp\/v2\/product"}],"about":[{"href":"https:\/\/shibasex.com\/index.php?rest_route=\/wp\/v2\/types\/product"}],"replies":[{"embeddable":true,"href":"https:\/\/shibasex.com\/index.php?rest_route=%2Fwp%2Fv2%2Fcomments&post=5580"}],"wp:featuredmedia":[{"embeddable":true,"href":"https:\/\/shibasex.com\/index.php?rest_route=\/wp\/v2\/media\/5579"}],"wp:attachment":[{"href":"https:\/\/shibasex.com\/index.php?rest_route=%2Fwp%2Fv2%2Fmedia&parent=5580"}],"wp:term":[{"taxonomy":"product_brand","embeddable":true,"href":"https:\/\/shibasex.com\/index.php?rest_route=%2Fwp%2Fv2%2Fproduct_brand&post=5580"},{"taxonomy":"product_cat","embeddable":true,"href":"https:\/\/shibasex.com\/index.php?rest_route=%2Fwp%2Fv2%2Fproduct_cat&post=5580"},{"taxonomy":"product_tag","embeddable":true,"href":"https:\/\/shibasex.com\/index.php?rest_route=%2Fwp%2Fv2%2Fproduct_tag&post=5580"}],"curies":[{"name":"wp","href":"https:\/\/api.w.org\/{rel}","templated":true}]}}