{"id":3521,"date":"2026-03-23T08:48:26","date_gmt":"2026-03-23T08:48:26","guid":{"rendered":"https:\/\/shibasex.com\/?product=tentacion-gel-stimolante-punto-g-femminile-mono-dose-10-ml"},"modified":"2026-03-23T08:48:26","modified_gmt":"2026-03-23T08:48:26","slug":"tentacion-gel-stimolante-punto-g-femminile-mono-dose-10-ml","status":"publish","type":"product","link":"https:\/\/shibasex.com\/?product=tentacion-gel-stimolante-punto-g-femminile-mono-dose-10-ml","title":{"rendered":"TENTACION &#8211; GEL STIMOLANTE PUNTO G FEMMINILE MONO DOSE 10 ML"},"content":{"rendered":"<p>Il gel orgasmico femminile TENTACION stimola la circolazione sanguigna e sensibilizza la zona del clitoride, favorendo l&#39;orgasmo femminile.<\/p>\n<p> Applica una piccola quantit\u00e0 sulla zona del clitoride e senti come il suo effetto rinfrescante ti d\u00e0 una piacevole sensazione. Ora lascia che il tuo partner ti massaggi il clitoride e l&#39;orgasmo non tarder\u00e0 a fare la sua comparsa.<\/p>\n<p> Il gel orgasmico femminile TENTACION \u00e8 ideale per i giochi di coppia o con giocattoli di stimolazione esterna.<\/p>\n<p> Contenitore da 10 ml<\/p>\n","protected":false},"excerpt":{"rendered":"<p>Il gel orgasmico femminile TENTACION stimola la circolazione sanguigna e sensibilizza la zona del clitoride, favorendo l&#39;orgasmo femminile. Applica una piccola quantit\u00e0 sulla zona del clitoride e senti come il suo effetto rinfrescante ti d\u00e0 una piacevole sensazione. Ora lascia che il tuo partner ti massaggi il clitoride e l&#39;orgasmo non tarder\u00e0 a fare la [&hellip;]<\/p>\n","protected":false},"featured_media":3520,"comment_status":"open","ping_status":"closed","template":"","meta":[],"product_brand":[],"product_cat":[112],"product_tag":[],"class_list":{"0":"post-3521","1":"product","2":"type-product","3":"status-publish","4":"has-post-thumbnail","6":"product_cat-monodose","8":"first","9":"instock","10":"shipping-taxable","11":"purchasable","12":"product-type-simple"},"_cost_price":"","_links":{"self":[{"href":"https:\/\/shibasex.com\/index.php?rest_route=\/wp\/v2\/product\/3521","targetHints":{"allow":["GET"]}}],"collection":[{"href":"https:\/\/shibasex.com\/index.php?rest_route=\/wp\/v2\/product"}],"about":[{"href":"https:\/\/shibasex.com\/index.php?rest_route=\/wp\/v2\/types\/product"}],"replies":[{"embeddable":true,"href":"https:\/\/shibasex.com\/index.php?rest_route=%2Fwp%2Fv2%2Fcomments&post=3521"}],"wp:featuredmedia":[{"embeddable":true,"href":"https:\/\/shibasex.com\/index.php?rest_route=\/wp\/v2\/media\/3520"}],"wp:attachment":[{"href":"https:\/\/shibasex.com\/index.php?rest_route=%2Fwp%2Fv2%2Fmedia&parent=3521"}],"wp:term":[{"taxonomy":"product_brand","embeddable":true,"href":"https:\/\/shibasex.com\/index.php?rest_route=%2Fwp%2Fv2%2Fproduct_brand&post=3521"},{"taxonomy":"product_cat","embeddable":true,"href":"https:\/\/shibasex.com\/index.php?rest_route=%2Fwp%2Fv2%2Fproduct_cat&post=3521"},{"taxonomy":"product_tag","embeddable":true,"href":"https:\/\/shibasex.com\/index.php?rest_route=%2Fwp%2Fv2%2Fproduct_tag&post=3521"}],"curies":[{"name":"wp","href":"https:\/\/api.w.org\/{rel}","templated":true}]}}