{"id":3296,"date":"2026-03-23T08:45:57","date_gmt":"2026-03-23T08:45:57","guid":{"rendered":"https:\/\/shibasex.com\/?product=diablo-picante-dadi-dorati-duri-con-posizioni-e-cubo"},"modified":"2026-03-23T08:45:57","modified_gmt":"2026-03-23T08:45:57","slug":"diablo-picante-dadi-dorati-duri-con-posizioni-e-cubo","status":"publish","type":"product","link":"https:\/\/shibasex.com\/?product=diablo-picante-dadi-dorati-duri-con-posizioni-e-cubo","title":{"rendered":"DIABLO PICANTE &#8211; DADI DORATI DURI CON POSIZIONI E CUBO"},"content":{"rendered":"<p>Scopri il gioco pi\u00f9 divertente, audace ed emozionante per coppie o gruppi con questo dado erotico. Realizzato in materiale rigido di alta qualit\u00e0, questo dado dorato da 30 mm x 30 mm \u00e8 l&#39;accessorio perfetto per rompere la routine, accendere la curiosit\u00e0 e lasciare che sia il caso a decidere quale posizione provare oggi.<\/p>\n<p> Viene fornito con una tazza robusta e trasparente, progettata per essere agitata, lanciata e riposta facilmente, mantenendo sempre discrezione e ordine. Le sue dimensioni compatte lo rendono facile da portare ovunque, rendendolo il compagno ideale per viaggi, fughe romantiche o feste con gli amici.<\/p>\n<p> Con la divertente domanda &quot;Che posizione assumiamo oggi?&quot;, questo gioco trasforma l&#39;indecisione in un&#39;opportunit\u00e0 per sperimentare, ridere e divertirsi insieme. Ogni lancio \u00e8 un nuovo invito alla complicit\u00e0, alla passione e all&#39;avventura. Perfetto per le coppie che vogliono aggiungere un tocco di pepe alla loro relazione, cos\u00ec come per i gruppi in cerca di un&#39;attivit\u00e0 originale e piena di risate. Osate giocare e lasciate che sia la fortuna a decidere la prossima mossa. Con questo dado, divertimento e passione sono garantiti.<\/p>\n<p> <u><strong>CARATTERISTICHE<\/strong><\/u> :<\/p>\n<ul>\n<li> Dadi erotici di alta qualit\u00e0 con incisioni di posizioni eterosessuali.<\/li>\n<li> Dimensioni ideali: 30 mm x 30 mm, facili da maneggiare e riporre.<\/li>\n<li> Include un contenitore trasparente per agitare, far rotolare e conservare i dadi.<\/li>\n<li> Promuove divertimento e intimit\u00e0, aiutandoti a scoprire nuove esperienze.<\/li>\n<li> Design portatile, perfetto da portare ovunque.<\/li>\n<li> Regalo ideale per coppie, addii al celibato\/nubilato o serate speciali.<\/li>\n<\/ul>\n<p> Un classico DIVERTY SEX &#8211; Con oltre 20 anni di esperienza nel mercato dei sex toys, DIVERTY SEX si \u00e8 affermata come punto di riferimento per regali sexy, originali e divertenti. La sua filosofia: far ridere, sorprendere e rilassare. Che si tratti di ravvivare una festa, di fare un regalo segreto a un amico o di rompere il ghiaccio con l&#39;umorismo, questo prodotto \u00e8 un must-have nella tua collezione festiva.<\/p>\n","protected":false},"excerpt":{"rendered":"<p>Scopri il gioco pi\u00f9 divertente, audace ed emozionante per coppie o gruppi con questo dado erotico. Realizzato in materiale rigido di alta qualit\u00e0, questo dado dorato da 30 mm x 30 mm \u00e8 l&#39;accessorio perfetto per rompere la routine, accendere la curiosit\u00e0 e lasciare che sia il caso a decidere quale posizione provare oggi. Viene [&hellip;]<\/p>\n","protected":false},"featured_media":3295,"comment_status":"open","ping_status":"closed","template":"","meta":[],"product_brand":[],"product_cat":[106],"product_tag":[],"class_list":{"0":"post-3296","1":"product","2":"type-product","3":"status-publish","4":"has-post-thumbnail","6":"product_cat-gioco-dei-dadi","8":"first","9":"instock","10":"shipping-taxable","11":"purchasable","12":"product-type-simple"},"_cost_price":"","_links":{"self":[{"href":"https:\/\/shibasex.com\/index.php?rest_route=\/wp\/v2\/product\/3296","targetHints":{"allow":["GET"]}}],"collection":[{"href":"https:\/\/shibasex.com\/index.php?rest_route=\/wp\/v2\/product"}],"about":[{"href":"https:\/\/shibasex.com\/index.php?rest_route=\/wp\/v2\/types\/product"}],"replies":[{"embeddable":true,"href":"https:\/\/shibasex.com\/index.php?rest_route=%2Fwp%2Fv2%2Fcomments&post=3296"}],"wp:featuredmedia":[{"embeddable":true,"href":"https:\/\/shibasex.com\/index.php?rest_route=\/wp\/v2\/media\/3295"}],"wp:attachment":[{"href":"https:\/\/shibasex.com\/index.php?rest_route=%2Fwp%2Fv2%2Fmedia&parent=3296"}],"wp:term":[{"taxonomy":"product_brand","embeddable":true,"href":"https:\/\/shibasex.com\/index.php?rest_route=%2Fwp%2Fv2%2Fproduct_brand&post=3296"},{"taxonomy":"product_cat","embeddable":true,"href":"https:\/\/shibasex.com\/index.php?rest_route=%2Fwp%2Fv2%2Fproduct_cat&post=3296"},{"taxonomy":"product_tag","embeddable":true,"href":"https:\/\/shibasex.com\/index.php?rest_route=%2Fwp%2Fv2%2Fproduct_tag&post=3296"}],"curies":[{"name":"wp","href":"https:\/\/api.w.org\/{rel}","templated":true}]}}