{"id":1870,"date":"2026-03-22T11:03:43","date_gmt":"2026-03-22T11:03:43","guid":{"rendered":"https:\/\/shivasex.site.geonovation.tech\/?product=pretty-love-goran-doppio-dildo-realistico-naturale-mulato"},"modified":"2026-03-22T11:03:46","modified_gmt":"2026-03-22T11:03:46","slug":"pretty-love-goran-doppio-dildo-realistico-naturale-mulato","status":"publish","type":"product","link":"https:\/\/shibasex.com\/?product=pretty-love-goran-doppio-dildo-realistico-naturale-mulato","title":{"rendered":"PRETTY LOVE &#8211; GORAN DOPPIO DILDO REALISTICO NATURALE MULATO"},"content":{"rendered":"<p><strong>BELLISSIMO AMORE BW-008143N<\/strong><br \/> Per quella sensazione di penetrazione completa e profondamente erotica, questo splendido vibratore a doppio dildo non ti deluder\u00e0. Questo dildo in TPE ha una sensazione morbida e realistica e una punta del pene realistica per stimolarti internamente per un piacere intenso. E puoi goderti l&#39;incredibile sensazione di due dildo contemporaneamente.<\/p>\n<p> Questo dildo doppio \u00e8 liscio e color carne, con un&#39;asta pi\u00f9 lunga e sottile e un&#39;altra pi\u00f9 spessa e robusta, cos\u00ec potrai provare un piacere profondo e appagante tutto in una volta. Si consiglia di utilizzarlo con lubrificante.<\/p>\n<p> <u><strong>CARATTERISTICHE<\/strong><\/u> :<\/p>\n<ul>\n<li> Materiale: TPR<\/li>\n<li> Impermeabile<\/li>\n<\/ul>\n","protected":false},"excerpt":{"rendered":"<p>BELLISSIMO AMORE BW-008143N Per quella sensazione di penetrazione completa e profondamente erotica, questo splendido vibratore a doppio dildo non ti deluder\u00e0. Questo dildo in TPE ha una sensazione morbida e realistica e una punta del pene realistica per stimolarti internamente per un piacere intenso. E puoi goderti l&#39;incredibile sensazione di due dildo contemporaneamente. Questo dildo [&hellip;]<\/p>\n","protected":false},"featured_media":1869,"comment_status":"open","ping_status":"closed","template":"","meta":[],"product_brand":[],"product_cat":[77],"product_tag":[],"class_list":{"0":"post-1870","1":"product","2":"type-product","3":"status-publish","4":"has-post-thumbnail","6":"product_cat-dildo-doppi","8":"first","9":"instock","10":"shipping-taxable","11":"purchasable","12":"product-type-simple"},"_cost_price":"","_links":{"self":[{"href":"https:\/\/shibasex.com\/index.php?rest_route=\/wp\/v2\/product\/1870","targetHints":{"allow":["GET"]}}],"collection":[{"href":"https:\/\/shibasex.com\/index.php?rest_route=\/wp\/v2\/product"}],"about":[{"href":"https:\/\/shibasex.com\/index.php?rest_route=\/wp\/v2\/types\/product"}],"replies":[{"embeddable":true,"href":"https:\/\/shibasex.com\/index.php?rest_route=%2Fwp%2Fv2%2Fcomments&post=1870"}],"wp:featuredmedia":[{"embeddable":true,"href":"https:\/\/shibasex.com\/index.php?rest_route=\/wp\/v2\/media\/1869"}],"wp:attachment":[{"href":"https:\/\/shibasex.com\/index.php?rest_route=%2Fwp%2Fv2%2Fmedia&parent=1870"}],"wp:term":[{"taxonomy":"product_brand","embeddable":true,"href":"https:\/\/shibasex.com\/index.php?rest_route=%2Fwp%2Fv2%2Fproduct_brand&post=1870"},{"taxonomy":"product_cat","embeddable":true,"href":"https:\/\/shibasex.com\/index.php?rest_route=%2Fwp%2Fv2%2Fproduct_cat&post=1870"},{"taxonomy":"product_tag","embeddable":true,"href":"https:\/\/shibasex.com\/index.php?rest_route=%2Fwp%2Fv2%2Fproduct_tag&post=1870"}],"curies":[{"name":"wp","href":"https:\/\/api.w.org\/{rel}","templated":true}]}}