{"id":1103,"date":"2026-03-22T10:46:26","date_gmt":"2026-03-22T10:46:26","guid":{"rendered":"https:\/\/shivasex.site.geonovation.tech\/?product=womanizer-liberty-2-estimulador-succionador-clitoris-verde-claro"},"modified":"2026-03-22T10:46:50","modified_gmt":"2026-03-22T10:46:50","slug":"womanizer-liberty-2-estimulador-succionador-clitoris-verde-claro","status":"publish","type":"product","link":"https:\/\/shibasex.com\/?product=womanizer-liberty-2-estimulador-succionador-clitoris-verde-claro","title":{"rendered":"WOMANIZER &#8211; LIBERTY 2 ESTIMULADOR &#038; SUCCIONADOR CLITORIS VERDE CLARO"},"content":{"rendered":"<p><font style=\"vertical-align:\"><font style=\"vertical-align:\">Liberati con il nuovo <strong>Womanizer Liberty 2.<\/strong> L&#39;aggiornamento del Liberty originale. Il Womanizer pi\u00f9 piccolo con coperchio magnetico lo rende facile da portare con te in viaggio o in borsa <strong>.<\/strong><\/font><\/font><\/p>\n<p> <font style=\"vertical-align:\"><font style=\"vertical-align:\"><strong>Womanizer Liberty 2<\/strong> \u00e8 un vibratore ad aria compressa. Quando si posiziona il cappuccio intorno al clitoride, questo viene massaggiato grazie alla tecnologia brevettata Pleasure Air di Womanizer. Ci\u00f2 significa che le onde di pressione dell&#39;aria massaggiano il clitoride. Si avverte un leggero vuoto, un effetto di aspirazione e, allo stesso tempo, pulsazioni di pressione dell&#39;aria. Sembra davvero che stia succhiando il clitoride.<\/font><\/font><\/p>\n<p> Il nuovo <strong>Liberty 2<\/strong> non solo ha nuovi colori incredibilmente belli, ma anche due modalit\u00e0 aggiuntive migliorate. In questo modo, puoi trovare pi\u00f9 facilmente la posizione pi\u00f9 adatta a te o sperimentare pi\u00f9 posizioni per raggiungere gradualmente l&#39;orgasmo. Il Womanizer <strong>Liberty<\/strong> 2 \u00e8 impermeabile, come tutti i Womanizer, quindi puoi portarlo con te nella vasca da bagno o nella doccia. Questo lo rende anche facile da pulire.<\/p>\n<p> Si accende il <strong>Liberty 2<\/strong> cliccando sul pulsante +. <strong>Il Liberty 2<\/strong> ha 8 impostazioni ed \u00e8 facile da usare con i pulsanti + e -. Il Liberty \u00e8 compatto e leggero. Si spegne il Womanizer <strong>Liberty 2<\/strong> premendo il pulsante &#8211; un po&#39; pi\u00f9 a lungo. Il <strong>Liberty 2<\/strong> \u00e8 dotato anche di un blocco da viaggio. Pu\u00f2 essere acceso premendo contemporaneamente i pulsanti + e &#8211; per due o tre secondi. Questo significa che <strong>il Liberty 2<\/strong> non pu\u00f2 essere acceso semplicemente toccando il pulsante +. Utilizzare gli stessi pulsanti per rimuovere il Womanizer <strong>Liberty 2<\/strong> dal blocco da viaggio.<\/p>\n<\/p>\n<p> <strong><u>CARATTERISTICHE<\/u> :<\/strong><\/p>\n<ul>\n<li> <strong>Dimensioni<\/strong> : 100 x 52 x 102 x 46 mm.<\/li>\n<li> <strong>Peso<\/strong> : 90 g<\/li>\n<li> Con coperchio con chiusura magnetica.<\/li>\n<li> <strong>Materiale<\/strong> : ABS, PU, silicone, senza ftalati secondo la direttiva UE.<\/li>\n<li> Ricaricabile tramite cavo USB in dotazione.<\/li>\n<li> Illuminazione a LED per l&#39;indicazione del livello della batteria<\/li>\n<li> <strong>Ricarica<\/strong> : 60 minuti<\/li>\n<li> <strong>Utilizzo dopo la ricarica<\/strong> : 120 minuti<\/li>\n<li> <strong>Colori<\/strong> : verde chiaro, viola, rosa e blu-verde.<\/li>\n<li> <strong>Contenuto<\/strong> : Womanizer, cavo di ricarica, manuale.<\/li>\n<\/ul>\n","protected":false},"excerpt":{"rendered":"<p>Liberati con il nuovo Womanizer Liberty 2. L&#39;aggiornamento del Liberty originale. Il Womanizer pi\u00f9 piccolo con coperchio magnetico lo rende facile da portare con te in viaggio o in borsa . Womanizer Liberty 2 \u00e8 un vibratore ad aria compressa. Quando si posiziona il cappuccio intorno al clitoride, questo viene massaggiato grazie alla tecnologia brevettata [&hellip;]<\/p>\n","protected":false},"featured_media":1102,"comment_status":"open","ping_status":"closed","template":"","meta":[],"product_brand":[],"product_cat":[70],"product_tag":[],"class_list":{"0":"post-1103","1":"product","2":"type-product","3":"status-publish","4":"has-post-thumbnail","6":"product_cat-air-stimulator-with-vibration","8":"first","9":"outofstock","10":"shipping-taxable","11":"product-type-variable"},"_cost_price":"","_links":{"self":[{"href":"https:\/\/shibasex.com\/index.php?rest_route=\/wp\/v2\/product\/1103","targetHints":{"allow":["GET"]}}],"collection":[{"href":"https:\/\/shibasex.com\/index.php?rest_route=\/wp\/v2\/product"}],"about":[{"href":"https:\/\/shibasex.com\/index.php?rest_route=\/wp\/v2\/types\/product"}],"replies":[{"embeddable":true,"href":"https:\/\/shibasex.com\/index.php?rest_route=%2Fwp%2Fv2%2Fcomments&post=1103"}],"wp:featuredmedia":[{"embeddable":true,"href":"https:\/\/shibasex.com\/index.php?rest_route=\/wp\/v2\/media\/1102"}],"wp:attachment":[{"href":"https:\/\/shibasex.com\/index.php?rest_route=%2Fwp%2Fv2%2Fmedia&parent=1103"}],"wp:term":[{"taxonomy":"product_brand","embeddable":true,"href":"https:\/\/shibasex.com\/index.php?rest_route=%2Fwp%2Fv2%2Fproduct_brand&post=1103"},{"taxonomy":"product_cat","embeddable":true,"href":"https:\/\/shibasex.com\/index.php?rest_route=%2Fwp%2Fv2%2Fproduct_cat&post=1103"},{"taxonomy":"product_tag","embeddable":true,"href":"https:\/\/shibasex.com\/index.php?rest_route=%2Fwp%2Fv2%2Fproduct_tag&post=1103"}],"curies":[{"name":"wp","href":"https:\/\/api.w.org\/{rel}","templated":true}]}}